 n be a(c). What is the highest common divisor of j and n?
7
Suppose s + 2*s = -3*r + 120, -2*r - 5*s = -86. Suppose -162 - r = -5*k. Let g = 56 - k. Calculate the greatest common divisor of 48 and g.
16
Suppose -4*r + 3*p + 69 = 0, -7 = 3*p + 2. What is the highest common factor of 120 and r?
15
Let f(c) = c**3 - c**2 - c + 36. Let w be f(0). Suppose 4*m - 5*k = -112, -44 = m - 3*k - 9. Let l = m + w. Calculate the highest common divisor of l and 26.
13
Let f = -11 + 28. Calculate the greatest common divisor of 85 and f.
17
Suppose -o - 28 = -5*o. Suppose m + 26 = 3*h, 60 = 4*h - 3*m + 8*m. Suppose 4*y - 5*b - o = h, 3*y - 15 = 3*b. Calculate the highest common divisor of y and 32.
8
Let i(g) = -11*g - 1. Let n be i(1). Let x = 21 + n. Let r(z) = -4*z + 63. Let b be r(0). Calculate the greatest common divisor of b and x.
9
Suppose -3*d + 1 - 6 = -c, 0 = -5*c - 5*d + 5. Suppose c*t - 4*t = -42. What is the greatest common factor of 231 and t?
21
Suppose -2*r = s - 13, 3*s = 2*r - r - 3. Calculate the highest common divisor of 114 and r.
6
Let l(n) = 2*n**2 + 8*n + 9. Let x be l(8). Let r = x + -81. What is the greatest common divisor of r and 20?
20
Let z(g) = -4*g**3 + 1. Let r be z(-1). Suppose -r*m - 25 = -10*m. Let b be (m + 0)/((-3)/(-66)). What is the greatest common divisor of 22 and b?
22
Suppose -g = -2*z + 1, 0 = 6*z - 3*z + 3*g - 15. Suppose z*f = 5*a - 45, -4*a - a = f - 60. What is the greatest common factor of a and 110?
11
Let i be ((-3)/(-2))/(6/4). Let u be (4 - 2)/(1 + i). What is the highest common divisor of u and 6?
1
Let q(d) = -3*d - 2*d**2 - d**3 + 0*d + 3 - 6*d**2. Let x be q(-8). Let l be 2358/x - 2/(-3). What is the greatest common divisor of 11 and l?
11
Suppose -5*w = 20, -2*w + 27 = z - 5*w. Let d be 8420/70 + (-6)/21. What is the highest common factor of d and z?
15
Let q = -127 - -213. Let g = q + -21. Calculate the greatest common divisor of g and 13.
13
Suppose 2*p - 48 = 4*q, 8 = p - 3*q - 12. Let v = p - -32. What is the greatest common divisor of 8 and v?
8
Suppose 10*v + 3*a = 7*v + 12, -a + 10 = 3*v. What is the highest common factor of 12 and v?
3
Let m be 116 + 2*(0 - 9/(-6)). What is the highest common factor of 17 and m?
17
Let j(i) = -6*i - 2. Let l(q) = -3*q - 1. Let w(u) = -2*j(u) + 5*l(u). Let h be w(-4). Suppose 0 = 5*c - 242 - 33. What is the highest common factor of c and h?
11
Suppose -h + 10 = 2*g, 2*h - 11 = -5*g + 3*h. Suppose -173 = -g*m + 286. Let c(u) = -9*u - 1. Let o be c(-2). Calculate the greatest common divisor of m and o.
17
Let a(m) = 3*m**3 - m**2 + 7*m**2 + 0*m**2 + 7 - 2*m**3. Let s be a(-5). Calculate the greatest common factor of 16 and s.
16
Let b be (4 - 2) + 11 - 2. Suppose 3*q + 20 = 5*r, -3*q - 18 = -2*r - r. Let j be r*41 - (-6)/2. Calculate the greatest common divisor of b and j.
11
Let w(h) = h**3 + 4*h**2. Let k be w(-3). Let f = -4 + k. Suppose -4*y + 12 = 0, -f*m + 0*m = 4*y - 47. Calculate the highest common factor of m and 1.
1
Suppose 10*m - 20 = 5*m. Suppose 5*b + 3*p - 90 = 0, -4*b + 125 = -m*p + 21. Calculate the highest common factor of b and 7.
7
Let f = -5 - -4. Let c = f - -9. Calculate the greatest common factor of c and 72.
8
Let g be (-3 + 63/15)*35. What is the highest common divisor of g and 105?
21
Let q(d) = -d**3 + d**2 + 24. Let a be q(0). Let r = 8 - 2. Calculate the highest common divisor of a and r.
6
Let w be -3 - 1/(4/(-56)). What is the highest common factor of w and 121?
11
Suppose 0 = 15*h - 21*h + 72. Suppose 4*j - 10 = -d, -2*d + 4*j = -4*d + 28. Calculate the greatest common divisor of d and h.
6
Let p = -31 - -47. What is the highest common factor of p and 64?
16
Let l(o) = -o**2 - 6*o + 4. Let a be l(-6). Suppose -h - 59 = -a*s + s, 4*h = 16. Calculate the highest common divisor of 14 and s.
7
Let z(n) = -2*n**3 - 5*n**2 + 3*n - 3. Let t be z(-4). Suppose 0 = b + 2*u - 17, 2*b + u - 58 = -3*b. Calculate the greatest common divisor of b and t.
11
Let u = 75 - 64. What is the highest common factor of u and 11?
11
Suppose 6 = -2*z - 2*v, 0*z + 35 = 5*z - 5*v. Suppose 0 = f - 3, n + z*f - 7*f + 7 = 0. Calculate the greatest common divisor of 48 and n.
8
Let m = -62 - -80. Calculate the highest common factor of 144 and m.
18
Let y(s) = 39*s**2 + 4*s + 3. Let i be y(-1). What is the highest common divisor of 152 and i?
38
Suppose 0 = -2*t + 8 - 4. What is the highest common factor of t and 18?
2
Suppose -u + 189 = 3*t - 11, 0 = -4*t + 5*u + 254. Suppose 26 = 2*m + f, 0*f - 5*f = -3*m + 13. What is the highest common factor of t and m?
11
Let g(i) = -3*i - 1. Let p(d) = -4*d - 1. Let h(n) = 5*g(n) - 4*p(n). Let v be h(5). Suppose v = -t + 32. What is the greatest common divisor of t and 7?
7
Let w = 3 - -1. Suppose h + 193 + 286 = 5*x, h = -w. Calculate the highest common factor of x and 38.
19
Suppose -3*c - 50 - 64 = 0. Let x be (1 - 0)*-2*c. Suppose -x = -3*s + 8. What is the greatest common factor of 4 and s?
4
Let o be ((-4)/(-12))/(1/15). Let g = o - -6. Calculate the highest common factor of 11 and g.
11
Suppose 2*k + 114 = g + 3*k, 0 = 4*g - 5*k - 429. What is the greatest common divisor of 37 and g?
37
Suppose 3*p = 9, 2 = -y - 2*p - 0. Let q = 8 + y. Suppose q = t - 24 - 36. Calculate the greatest common divisor of 20 and t.
20
Let w(g) = -g**3 + 6*g**2 + 9*g + 4. Let h = 7 - -1. Suppose y - 8 - 1 = -k, -h = -2*y + 3*k. Let q be w(y). Calculate the highest common divisor of 126 and q.
18
Suppose -c + 221 - 46 = 0. Suppose 0 = -10*z + 7*z + 75. What is the highest common divisor of c and z?
25
Let h(m) = m**3 + 10*m**2 + 8. Let s be h(-10). Calculate the highest common divisor of 12 and s.
4
Suppose r = -2*r - 30. Let k(l) = -l**3 - 11*l**2 - 11*l + 4. Let j be k(r). Let a be -1*1 - (-2 + -34). Calculate the highest common factor of a and j.
7
Let w = -6 + 4. Let u(y) = 18*y**2 + 2*y + 2. Let p be u(w). Suppose -2*h + p = -h. Calculate the highest common factor of 10 and h.
10
Let b be 226/8 - (-5)/(-20). Calculate the greatest common factor of b and 70.
14
Let o(j) = 39*j - 6. Let d be o(5). Calculate the highest common divisor of d and 21.
21
Suppose -d - d + 52 = 0. Suppose -5*h + 2*h = -117. Suppose 3*p = -i + h, -4*p - 4*i + 52 = -0*p. What is the greatest common factor of p and d?
13
Let d = -116 - -140. Calculate the greatest common factor of d and 18.
6
Suppose 3*v - 282 = -3*a, 0*v - 3*v = -2*a + 168. Let n(d) = -3*d - d**2 + 7*d + 2*d**2 + 5. Let o be n(-5). What is the greatest common factor of o and a?
10
Let p(x) = 2 - x**2 - 4*x + 4 - 1 + 1. Let t be (5/3)/((-1)/3). Let i be p(t). What is the highest common factor of i and 3?
1
Let f be (15/10)/(3/(-4)). Let o be f/5 + (-754)/(-10). What is the greatest common factor of o and 15?
15
Let o be (-6)/(-1) + 3 + -6. Suppose -4*v + 25 = 3*z, 0 = -4*z - o*v + 15 + 23. What is the greatest common factor of 11 and z?
11
Let l be 47/3 - 4/6. Calculate the highest common factor of l and 5.
5
Let k = 3 + -2. Calculate the highest common factor of k and 1.
1
Let t be -3*(-2)/33 - (-9991)/1133. Calculate the highest common divisor of 36 and t.
9
Let f be (13/26)/((-1)/(-168)). Calculate the highest common divisor of f and 14.
14
Let i(c) = 29*c**2 + c + 2. Let o be i(2). What is the highest common divisor of 20 and o?
20
Let s be (2 + (2 - 3))*0. Let p(o) = o**2 + o + 5. Let d be p(s). Suppose 0*c + 40 = d*c. Calculate the highest common factor of 12 and c.
4
Suppose -2*q + 16 = -q. Let l = 27 - q. What is the greatest common factor of l and 55?
11
Suppose -51 = -5*p - d, -2*d - 8 - 20 = -3*p. Let q(r) = -2*r**3 - 2*r**2 + 2*r + 2. Let v be q(-4). Calculate the highest common divisor of v and p.
10
Let r be (1 + 2)/((-9)/(-30)). Suppose -12*d + 20 = -10*d. What is the greatest common factor of d and r?
10
Let x = -15 + 21. What is the greatest common divisor of 18 and x?
6
Suppose -8 = -3*d + d. What is the greatest common factor of d and 12?
4
Suppose -4*o + 0*o + f = -139, 170 = 5*o - 2*f. Suppose 5*y = 2*y + o. What is the greatest common divisor of 8 and y?
4
Suppose -7*k - 153 = -10*k. Suppose 5*c = 5*g - 270, k = g - 5*c + c. Calculate the greatest common divisor of 11 and g.
11
Let o be 127/2 - (-2)/(-4). Suppose -n + 4*n = -69. Let j = o + n. What is the highest common